et w(l) = -7*l**2 - l. Give w(x).
-8
Suppose -2 = 5*t - 6*t. Let y(j) = -3*j**t + 5*j + j - 1 - 3 + 4*j**2. Give y(-6).
-4
Suppose -6 = t - 11. Let g(y) = -5*y - 5. Let o(q) = -5*q - 6. Let l(d) = t*g(d) - 4*o(d). Let x(i) = -2*i**2 + i. Let w be x(1). Give l(w).
4
Let l(f) = 9*f**2 + f - 6. Let r(i) = 19*i**2 + 2*i - 13. Let o(m) = 13*l(m) - 6*r(m). Determine o(1).
4
Let p(c) be the third derivative of c**4/6 - c**3/3 - 62*c**2. Calculate p(-6).
-26
Let l(f) = f - 13. Let x be l(12). Let i(m) = m - 1. Calculate i(x).
-2
Let v(y) be the third derivative of y**6/120 + y**3 - y**2. Let r = 4 + 1. Suppose 3*f = -4*a + 3 - 0, -2*f = -r*a - 2. Give v(a).
6
Let x(a) = a**2 - 5*a + 3. Let b(s) be the second derivative of 2*s**3/3 + s**2/2 - 4*s. Let l be (-1)/(1 - -1 - 3). Let j be b(l). Calculate x(j).
3
Suppose -4*f - 23 + 7 = 0. Let w(u) be the first derivative of -u**2 - 5*u - 1. Give w(f).
3
Let a(y) = -y**3 + y**2 + 4. Let g be a(0). Let x(k) be the second derivative of k**5/20 - 5*k**4/12 + k**3/2 + 3*k**2/2 - 7*k. Determine x(g).
-1
Let x be 4/10 - (-8)/(-20). Let b be 1*2 + x + 1. Let w = b - 6. Let h(r) = -r**3 - 4*r**2 - 4*r - 4. Give h(w).
-1
Let o(w) = -w**3 + 5*w**2 + 7*w - 1. Let t(b) = b**3 - 9*b**2 + 6. Let q be t(9). Calculate o(q).
5
Let p(u) be the third derivative of -u**5/60 - 4*u**3/3 - 3*u**2. Calculate p(0).
-8
Let k(r) = -4*r**3 - r + 4 - 1 - 2 - r. Suppose 0 = -3*q + 7*q - 4. Calculate k(q).
-5
Let t(o) = -o**2 - 1. Let p(s) = 2*s**2 + 4*s - 2. Suppose 0 = -5*g + 2*g - 9. Let v(m) = g*t(m) - p(m). Calculate v(5).
10
Let j(a) = -2*a**3 + a**2 - a - 1. Let h be 4/(-6) - (-56)/21. Let l(i) = 2*i**2 - 4 - 2*i**3 + h - i**3 - i. Let x(g) = 4*j(g) - 3*l(g). Determine x(2).
0
Let l(k) be the first derivative of -k**2/2 - k - 1. Let b = -7 + 13. Let f be b/6*2/(-1). Calculate l(f).
1
Suppose -2*q = -q. Let x(j) be the third derivative of -j**5/60 + 13*j**3/6 - 21*j**2. What is x(q)?
13
Let b(u) = -8*u**3 + u**2 - 4*u + 4. Let x(o) = -7*o**3 + o**2 - 3*o + 3. Let k(a) = -5*b(a) + 6*x(a). Determine k(2).
-10
Let x(u) = -2*u**3 - 40*u**2 - 40*u - 44. Let w be x(-19). Let d(g) = -g**2 - 7*g. Determine d(w).
6
Let s = -6 - -5. Let q(w) = -5*w. Let o be q(s). Let i(r) = -r + 9. Give i(o).
4
Let t(n) = -n**3 - 12*n**2 - 5. Let l(v) = -2*v**3 - 23*v**2 - v - 9. Suppose 3 = -2*b + 15. Let h(s) = b*l(s) - 11*t(s). Calculate h(-5).
6
Let v(r) be the second derivative of -r**3/6 - r**2 + 6*r. Let m be v(0). Let o(a) = -a**2 + a + 2. Determine o(m).
-4
Let a(j) be the first derivative of -j**4/12 + 5*j**3/6 - j**2 - 3*j + 3. Let z(d) be the first derivative of a(d). Suppose 7 = 3*s - 8. Give z(s).
-2
Let w(i) = -11*i + 8. Let a(q) = 10*q - 7. Let t(k) = 6*a(k) + 5*w(k). Let z(o) = 14*o - 6. Let x(u) = 11*t(u) - 4*z(u). Suppose h + 2 + 1 = 0. Give x(h).
5
Let q(c) = c**3 + 3*c**2 - 2*c + 1. Let l be q(-3). Let a = -3 + l. Let n(k) = -k**2 + 7*k - 5. Calculate n(a).
7
Suppose 21 = -m + 4*m. Let r(k) = 1 + k**2 - 4 - 5*k + m. Determine r(5).
4
Let j(i) be the second derivative of i**3/6 + 3*i**2/2 + 3*i. Let w = -8 + 22. Suppose -2*h + 0*h = -5*r + 17, 5*h + w = 3*r. Give j(r).
6
Suppose -25 = 5*n - 10. Let y(a) = -a**3 - 2*a**2 - a + 4. Let x(v) = v**2. Let c(u) = 2*x(u) - y(u). What is c(n)?
2
Let j(l) = l**3 + 4*l**2 - 5*l - 3. Let f be (-230)/(-20) - 2/(-4). Let z = -17 + f. Calculate j(z).
-3
Let u = 2 - 2. Suppose -2*b + 5*s - 24 = -4*b, 0 = 3*b - 3*s + 6. Let q(i) = 1 + i**b + 0 + 1. What is q(u)?
2
Let l(f) be the second derivative of 7*f - 1/2*f**2 + 2/3*f**3 + 0. What is l(3)?
11
Let l = -65 + 59. Let a(t) = t**3 + 6*t**2 + 2*t + 8. Give a(l).
-4
Let o = -7 - -9. Let w(d) = 7*d**o + 4*d + d + 0*d + d**3 - 4. Calculate w(-6).
2
Let o = 38 + -34. Let g(n) = -n**2 + 4*n - 2. What is g(o)?
-2
Let m(h) be the third derivative of h**7/2520 - h**6/144 + h**5/40 - h**4/8 - 2*h**2. Let b(y) be the second derivative of m(y). Determine b(4).
-1
Let d(k) = k + 1. Let h(p) = -2. Let q(n) = -3. Let t(j) = 5*h(j) - 3*q(j). Let i(g) = -5*d(g) - 6*t(g). Give i(2).
-9
Let m(r) = 8*r + 1. Suppose -2*g + 4 = -2*y, 5*g - 3*y = -2*y + 10. Let w = -2 - -3. Suppose -3*b = i - g*b - w, -3*i + b - 5 = 0. Determine m(i).
-7
Let z(w) = w**3 - 7*w**2 - w + 10. Let l be z(7). Let t(r) be the second derivative of l*r - 1/6*r**3 + 1/2*r**2 + 0. What is t(4)?
-3
Let h(c) = 2*c + 4. Suppose m + 5 = 8. Determine h(m).
10
Let s(a) be the first derivative of 1/8*a**4 - 2 + 0*a**2 - a**3 + 0*a + 1/120*a**5. Let r(g) be the third derivative of s(g). What is r(-4)?
-1
Let q(y) = -6*y**2 + 10. Let b(v) = -7*v**2 - v + 11. Let w be 12/(-4)*5/3. Let c(l) = w*b(l) + 6*q(l). Suppose 4*g = 5*i - 19 - 18, 3*i = -5*g. What is c(i)?
5
Let q(v) = -v - 8*v**2 - 5 + 2*v**2 + 7*v**2. Calculate q(5).
15
Let x(f) = 8*f**3 + 5*f**2 - 9*f - 1. Let u(j) = -1. Let b(v) = -2*v**3 - v**2 + 2*v + 3. Let n(g) = b(g) + 3*u(g). Let t(i) = 9*n(i) + 2*x(i). Calculate t(2).
-14
Let d(o) = -2*o - 2. Let p(l) = -2*l - 2. Let h(q) = -q**2 - 10*q + 5. Let u be h(-10). Let m(b) = u*d(b) - 4*p(b). Calculate m(3).
-8
Let k = 4 - 0. Suppose f = -w - 2, -2*w - f + 12 = -3*f. Let m(i) = -i**3 - w*i**2 - i + 2 + 6*i**2 + 0. Give m(k).
-2
Let t(d) = d - 5. Suppose 2*m - 12 = 6*m. Let p(l) = -3*l + 16. Let h(o) = m*p(o) - 8*t(o). What is h(0)?
-8
Let s(y) = 6*y - 5. Let o(c) = -5*c + 4. Let i(q) = -4*o(q) - 3*s(q). What is i(1)?
1
Let n(i) = -i**2 + 6*i + 3. Suppose 0 = 3*l + 12, -4*o + 2*l - 2 = o. Suppose 3*r - 4*r = -7. Let p = r + o. Determine n(p).
8
Let o(a) = a**2 - 8*a + 5. Suppose 5*m - 6 = 4*m. Give o(m).
-7
Let n = 17 - 19. Let q(s) = -2*s**2 - 2*s - 1. What is q(n)?
-5
Let y(z) be the third derivative of -5*z**4/12 - z**3/2 + 14*z**2. Calculate y(-2).
17
Let x(f) = -1. Let d(k) = k**2 + 9*k + 15. Let a(c) = -d(c) - 6*x(c). Let u be a(-7). Let w(m) = -m**3 + 6*m**2 - 4*m + m**3 - 7 - m**3. What is w(u)?
-2
Let l(h) = -3*h**2 - 2*h. Let w = 31 - 12. Let y = 17 - w. What is l(y)?
-8
Let m(a) be the first derivative of 1 - 5/2*a**2 - 1/3*a**3 + a. Give m(-4).
5
Let a(t) = t**2 + t - 1. Let l(c) = 5*c**2 + 3*c - 4. Suppose 3*h - 4*h = 2, -5*r = h - 18. Let s(f) = r*a(f) - l(f). What is s(3)?
-6
Let r(i) = -i**2 - 7*i + 2. Let l = 77 + -85. Give r(l).
-6
Let o(c) = 16*c - 48*c + 20*c + 25 + 16*c. Suppose -7 = -2*u + u. Let w(v) = v + 8. Let s(r) = u*w(r) - 2*o(r). Calculate s(0).
6
Let m(r) = -8*r**2 - 4*r + 4. Let h be m(1). Let n(g) = g**2 + 8*g - 6. Determine n(h).
-6
Let t(s) = s**2 + 6*s + 3. Let n(u) be the second derivative of u**3/6 + 4*u. Let j be n(-1). Let m = -5 - j. Determine t(m).
-5
Let w(q) be the third derivative of -q**6/120 - 2*q**2. Suppose -3*j - u + 26 = 0, -5*u + 2*u - 32 = -2*j. Let o(l) = -l + 11. Let k be o(j). What is w(k)?
-1
Let h = 5 + 4. Let g(w) = w**2 - 10*w + 9. Let r be g(h). Let a(o) = -5*o + 2. Let l(s) = -9*s + 3. Let y(j) = 7*a(j) - 4*l(j). Determine y(r).
2
Suppose c + 4*p = -9, -17 = -4*c + 2*p + 1. Let v(f) = -7*f**2 + f - 3. Let u(t) = -10*t**2 + 2*t - 4. Let w(j) = 5*u(j) - 7*v(j). Give w(c).
1
Let d(x) = x**2 + x + 3. Let b be d(0). Suppose 3*k - 3*h = -21, 4*k = 8*k + b*h. Let j(s) = -s - 3*s**2 + 1 - 2*s**3 + s**3 + 0. Calculate j(k).
4
Suppose -2*y = -4*y - 5*g, 0 = 5*y - 5*g - 35. Let w(c) = 6 - 2 + c**3 - 3 - 4*c**2 - 2 - 2*c. Calculate w(y).
14
Let c(b) be the third derivative of -b**4/12 + b**3/2 + 4*b**2. Calculate c(3).
-3
Let v(a) be the third derivative of 1/60*a**5 + 0*a + 0 - 1/3*a**3 - 3*a**2 + 1/12*a**4. Calculate v(-3).
1
Let a(d) = d - 1. Let b(j) = 3*j - 2. Let g(u) = -8*a(u) + 3*b(u). Determine g(-4).
-2
Let i(w) = w**3 - 5*w**2 + 5. Let d be 3*(-2)/2 + 8. Give i(d).
5
Let k be ((-35)/2)/7*-4. Let m be (-10)/(-3)*15/k. Let p(y) = -3*y - 2. What is p(m)?
-17
Let o(k) be the third derivative of k**6/120 + k**5/10 + 5*k**4/24 + k**3/3 + 3*k**2. Let u be o(-5). Let g(j) = -u*j - j + 6*j. What is g(2)?
6
Suppose 0*n = n + 2*l + 13, 3*n = 3*l + 6. Let x be (2 - (-1 - n))*-1. Let s(t) = 3*t**2 + 24 - 2*t**2 - 29. Determine s(x).
-5
Suppose 20 = 5*u + 2*h + 3*h, -2*h + 10 = 0. Let y(f) = -11*f**3 - 2*f**2 + 1. Give y(u).
10
Let o(q) = -2*q + q + 20 - 38 + 16. Suppose -a + 3*b = 9, -4*a + 9 = -0*a - 3*b. Give o(a).
-8
Suppose 2*t + 3*t = 0. Let b(g) = 